{"id":4080,"date":"2020-06-15T15:31:47","date_gmt":"2020-06-15T15:31:47","guid":{"rendered":"http:\/\/pectro.com\/tienda\/?post_type=product&#038;p=4080"},"modified":"2025-06-09T09:27:21","modified_gmt":"2025-06-09T07:27:21","slug":"pintura-pistas-deportivas-pintura-para-pavimentos-de-instalaciones-deportivas","status":"publish","type":"product","link":"https:\/\/pectro.com\/tienda\/producto\/pintura-pistas-deportivas-pintura-para-pavimentos-de-instalaciones-deportivas\/","title":{"rendered":"Pintura pistas deportivas | Pintura para pavimentos de instalaciones deportivas"},"content":{"rendered":"<p><strong>Costo de env\u00edo:<\/strong><\/p>\n<ul>\n<li>Espa\u00f1a peninsular: env\u00edo gratis<\/li>\n<li>No se realizan env\u00edos a Islas Baleares ni Islas Canarias.<\/li>\n<\/ul>\n<p><strong>Caracter\u00edsticas:<\/strong><\/p>\n<ul>\n<li>Pintura para aplicar en pistas deportivas. Gran adherencia y durabilidad.<\/li>\n<li>Pintura impermeable a base de copol\u00edmeros acr\u00edlicos con pigmentos inorg\u00e1nicos.<\/li>\n<li>Pintura resistente al impacto y al rozamiento.<\/li>\n<li>Pintura recomendada para proteger instalaciones deportivas en general, suelo de aparcamientos y zonas de tr\u00e1fico rodado.<\/li>\n<li>En caso de pintar garajes, recomendamos la posterior aplicaci\u00f3n de nuestro Barniz protector de pavimentos.<\/li>\n<\/ul>\n<p><strong>Especificaciones t\u00e9cnicas:<\/strong><\/p>\n<ul>\n<li>Acabado : Semi \u2013 Mate.<\/li>\n<li>Densidad : 1.5 kg \/ L. (UNE 28111)<\/li>\n<li>Opacidad : 92 % a 120 micras h\u00famedas.<\/li>\n<li>Rendimiento : 10 \u2013 14 m2\/L (dependiendo de la superficie)<\/li>\n<li>Lavabilidad : Superior a 20000 ciclos (UNE 48284)<\/li>\n<li>Secado : Tacto 30 minutos \u2013 Repintar : 24 h.<\/li>\n<li>Diluci\u00f3n : Brocha y rodillo: 10 \u2013 20% \u2013 Pistola: 20 \u2013 50%<\/li>\n<\/ul>\n<p>&nbsp;<\/p>\n<p><strong>Advertencia de seguridad:<\/strong> Mant\u00e9ngase fuera del alcance de los ni\u00f1os, no ingerir, en caso de ingesti\u00f3n ac\u00fadase inmediatamente y mu\u00e9strale la etiqueta o el envase. En caso de accidente consultar al Servicio m\u00e9dico de informaci\u00f3n Toxicol\u00f3gica. Tel\u00e9fono 91 562 04 20.<\/p>\n<p><strong>Nota legal:<\/strong> Te recomendamos que siempre leas las etiquetas, advertencias e instrucciones del embalaje del producto antes de utilizarlo o consumirlo, ya que podr\u00e1s encontrar informaci\u00f3n m\u00e1s detallada y actualizada sobre el mismo.<\/p>\n","protected":false},"excerpt":{"rendered":"<p>Costo de env\u00edo: Espa\u00f1a peninsular: env\u00edo gratis No se realizan env\u00edos a Islas Baleares ni Islas Canarias. Caracter\u00edsticas: Pintura para aplicar en pistas deportivas. Gran adherencia<span class=\"excerpt-hellip\"> [\u2026]<\/span><\/p>\n","protected":false},"featured_media":4171,"template":"","meta":[],"product_cat":[260,264],"product_tag":[],"_links":{"self":[{"href":"https:\/\/pectro.com\/tienda\/wp-json\/wp\/v2\/product\/4080"}],"collection":[{"href":"https:\/\/pectro.com\/tienda\/wp-json\/wp\/v2\/product"}],"about":[{"href":"https:\/\/pectro.com\/tienda\/wp-json\/wp\/v2\/types\/product"}],"wp:featuredmedia":[{"embeddable":true,"href":"https:\/\/pectro.com\/tienda\/wp-json\/wp\/v2\/media\/4171"}],"wp:attachment":[{"href":"https:\/\/pectro.com\/tienda\/wp-json\/wp\/v2\/media?parent=4080"}],"wp:term":[{"taxonomy":"product_cat","embeddable":true,"href":"https:\/\/pectro.com\/tienda\/wp-json\/wp\/v2\/product_cat?post=4080"},{"taxonomy":"product_tag","embeddable":true,"href":"https:\/\/pectro.com\/tienda\/wp-json\/wp\/v2\/product_tag?post=4080"}],"curies":[{"name":"wp","href":"https:\/\/api.w.org\/{rel}","templated":true}]}}