{"id":4175,"date":"2020-06-19T09:46:11","date_gmt":"2020-06-19T09:46:11","guid":{"rendered":"http:\/\/pectro.com\/tienda\/?post_type=product&#038;p=4175"},"modified":"2025-06-17T09:17:22","modified_gmt":"2025-06-17T07:17:22","slug":"pintura-exterior-fachadas-pintura-antihumedad-y-antimoho-revestimiento-exterior-impermeable-color-blanco","status":"publish","type":"product","link":"https:\/\/pectro.com\/tienda\/producto\/pintura-exterior-fachadas-pintura-antihumedad-y-antimoho-revestimiento-exterior-impermeable-color-blanco\/","title":{"rendered":"Pintura exterior fachadas | Pintura antihumedad y antimoho | Revestimiento exterior impermeable color Blanco"},"content":{"rendered":"<p><strong>Costo de env\u00edo:<\/strong><\/p>\n<ul>\n<li>Espa\u00f1a peninsular: env\u00edo gratis<\/li>\n<li>No se realizan env\u00edos a Islas Baleares ni Islas Canarias.<\/li>\n<\/ul>\n<p><strong>Caracteristicas:<\/strong><\/p>\n<ul>\n<li class=\"a-spacing-mini\"><span class=\"a-list-item\">Pintura para Fachadas apta para decoraci\u00f3n y protecci\u00f3n de exteriores.<\/span><\/li>\n<li>Contiene propiedades hidr\u00f3fugas y antimoho.<\/li>\n<li>Revestimiento exterior fabricado a partir de resinas vin\u00edlicas insaponificables, buena cubrici\u00f3n y blancura. Resistente a los \u00e1lcalis.<\/li>\n<li>Permite la transpiraci\u00f3n del fondo y se puede aplicar incluso si hay restos de cal.<\/li>\n<\/ul>\n<p><strong>Especificaciones t\u00e9cnicas:<\/strong><\/p>\n<ul>\n<li>Acabado : Mate.<\/li>\n<li>Densidad : 1.6 kg \/ L. (UNE 28111)<\/li>\n<li>Blancura : 81% WI (CIE)<\/li>\n<li>Opacidad : 92 % a 120 micras h\u00famedas.<\/li>\n<li>Rendimiento : 7 \u2013 10 m2\/L (dependiendo de la superficie)<\/li>\n<li>Lavabilidad : Superior a 10000 ciclos (UNE 48284)<\/li>\n<li>Fondear : Selladora Acr\u00edlica<\/li>\n<li>Secado : Tacto 30 minutos \u2013 Repintar : 24 h.<\/li>\n<li>Diluci\u00f3n : Brocha y rodillo: 10 \u2013 20% \u2013 Pistola: 20 \u2013 50%<\/li>\n<\/ul>\n<p><strong>Advertencia de seguridad:<\/strong> Mant\u00e9ngase fuera del alcance de los ni\u00f1os, no ingerir, en caso de ingesti\u00f3n ac\u00fadase inmediatamente y mu\u00e9strale la etiqueta o el envase. En caso de accidente consultar al Servicio m\u00e9dico de informaci\u00f3n Toxicol\u00f3gica. Tel\u00e9fono 91 562 04 20.<\/p>\n<p><strong>Nota legal:<\/strong> Te recomendamos que siempre leas las etiquetas, advertencias e instrucciones del embalaje del producto antes de utilizarlo o consumirlo, ya que podr\u00e1s encontrar informaci\u00f3n m\u00e1s detallada y actualizada sobre el mismo.<\/p>\n","protected":false},"excerpt":{"rendered":"<p>Costo de env\u00edo: Espa\u00f1a peninsular: env\u00edo gratis No se realizan env\u00edos a Islas Baleares ni Islas Canarias. Caracteristicas: Pintura para Fachadas apta para decoraci\u00f3n y protecci\u00f3n<span class=\"excerpt-hellip\"> [\u2026]<\/span><\/p>\n","protected":false},"featured_media":4832,"template":"","meta":[],"product_cat":[260,263],"product_tag":[],"_links":{"self":[{"href":"https:\/\/pectro.com\/tienda\/wp-json\/wp\/v2\/product\/4175"}],"collection":[{"href":"https:\/\/pectro.com\/tienda\/wp-json\/wp\/v2\/product"}],"about":[{"href":"https:\/\/pectro.com\/tienda\/wp-json\/wp\/v2\/types\/product"}],"wp:featuredmedia":[{"embeddable":true,"href":"https:\/\/pectro.com\/tienda\/wp-json\/wp\/v2\/media\/4832"}],"wp:attachment":[{"href":"https:\/\/pectro.com\/tienda\/wp-json\/wp\/v2\/media?parent=4175"}],"wp:term":[{"taxonomy":"product_cat","embeddable":true,"href":"https:\/\/pectro.com\/tienda\/wp-json\/wp\/v2\/product_cat?post=4175"},{"taxonomy":"product_tag","embeddable":true,"href":"https:\/\/pectro.com\/tienda\/wp-json\/wp\/v2\/product_tag?post=4175"}],"curies":[{"name":"wp","href":"https:\/\/api.w.org\/{rel}","templated":true}]}}