{"id":4310,"date":"2020-08-31T11:19:39","date_gmt":"2020-08-31T11:19:39","guid":{"rendered":"https:\/\/pectro.com\/tienda\/?post_type=product&#038;p=4310"},"modified":"2024-11-13T10:31:00","modified_gmt":"2024-11-13T09:31:00","slug":"sellador-de-juntas-para-duchas-200ml-reparador-y-renovador-de-juntas-de-azulejo-especial-bano","status":"publish","type":"product","link":"https:\/\/pectro.com\/tienda\/producto\/sellador-de-juntas-para-duchas-200ml-reparador-y-renovador-de-juntas-de-azulejo-especial-bano\/","title":{"rendered":"Sellador de juntas para duchas 200ml | Reparador y renovador de juntas de azulejo especial ba\u00f1o"},"content":{"rendered":"<p><strong>Env\u00edo:<\/strong><\/p>\n<ul>\n<li>Espa\u00f1a peninsular: env\u00edo gratis.<\/li>\n<li>No se realizan env\u00edos a Islas Baleares ni Islas Canarias.<\/li>\n<\/ul>\n<p><strong>Caracter\u00edsticas:<\/strong><\/p>\n<ul class=\"a-unordered-list a-vertical a-spacing-mini\">\n<li><span class=\"a-list-item\">Con Sellador de juntas de azulejos Pectro 200ml\u00a0restaura la lechada de las juntas, formulado especialmente para duchas.<\/span><\/li>\n<li>Rellena las grietas de ba\u00f1eras y juntas de azulejo expuestas al agua.<\/li>\n<li><span class=\"a-list-item\">Formula anti moho y ultra resistente al agua.<\/span><\/li>\n<li><span class=\"a-list-item\">Blanquea de forma r\u00e1pida gracias a su formulaci\u00f3n, ofreciendo m\u00e1xima blancura y cubrici\u00f3n.<\/span><\/li>\n<li><span class=\"a-list-item\">Formulado en base agua con materias primas de m\u00e1xima calidad, lo que confiere un fant\u00e1stico aspecto en las estancias.<\/span><\/li>\n<li><span class=\"a-list-item\">Listo para usar. Envasado en tubo vertical con cierre herm\u00e9tico, por lo cual se puede volver a utilizar una vez abierto el tubo.\u00a0<\/span><\/li>\n<\/ul>\n<p>&nbsp;<\/p>\n","protected":false},"excerpt":{"rendered":"<p>Env\u00edo: Espa\u00f1a peninsular: env\u00edo gratis. No se realizan env\u00edos a Islas Baleares ni Islas Canarias. Caracter\u00edsticas: Con Sellador de juntas de azulejos Pectro 200ml\u00a0restaura la lechada<span class=\"excerpt-hellip\"> [\u2026]<\/span><\/p>\n","protected":false},"featured_media":4723,"template":"","meta":[],"product_cat":[230],"product_tag":[],"_links":{"self":[{"href":"https:\/\/pectro.com\/tienda\/wp-json\/wp\/v2\/product\/4310"}],"collection":[{"href":"https:\/\/pectro.com\/tienda\/wp-json\/wp\/v2\/product"}],"about":[{"href":"https:\/\/pectro.com\/tienda\/wp-json\/wp\/v2\/types\/product"}],"wp:featuredmedia":[{"embeddable":true,"href":"https:\/\/pectro.com\/tienda\/wp-json\/wp\/v2\/media\/4723"}],"wp:attachment":[{"href":"https:\/\/pectro.com\/tienda\/wp-json\/wp\/v2\/media?parent=4310"}],"wp:term":[{"taxonomy":"product_cat","embeddable":true,"href":"https:\/\/pectro.com\/tienda\/wp-json\/wp\/v2\/product_cat?post=4310"},{"taxonomy":"product_tag","embeddable":true,"href":"https:\/\/pectro.com\/tienda\/wp-json\/wp\/v2\/product_tag?post=4310"}],"curies":[{"name":"wp","href":"https:\/\/api.w.org\/{rel}","templated":true}]}}