{"id":5541,"date":"2025-07-14T17:52:39","date_gmt":"2025-07-14T15:52:39","guid":{"rendered":"https:\/\/pectro.com\/tienda\/?post_type=product&#038;p=5541"},"modified":"2025-07-15T11:29:02","modified_gmt":"2025-07-15T09:29:02","slug":"kit-pintura-antimoho-6-6kg-4l-rodillo-rejilla-brocha-cinta","status":"publish","type":"product","link":"https:\/\/pectro.com\/tienda\/producto\/kit-pintura-antimoho-6-6kg-4l-rodillo-rejilla-brocha-cinta\/","title":{"rendered":"Kit Pintura Antimoho 6.6kg (4L) + Rodillo + Rejilla + Brocha + Cinta"},"content":{"rendered":"<ul>\n<li>PROTECCI\u00d3N ANTIMOHO: Pintura especial formulada para prevenir la formaci\u00f3n de moho en paredes y techos, ideal para zonas con alta humedad<\/li>\n<li>KIT COMPLETO: Incluye un bote de 4 litros de pintura blanca, rodillo profesional, rejilla escurridora que se encuentra en el interior del envase, brocha y cinta, para una aplicaci\u00f3n \u00f3ptima<\/li>\n<li>VERSATILIDAD: Aplicable tanto en interiores como exteriores, perfecta para ba\u00f1os, cocinas, y s\u00f3tanos COBERTURA SUPERIOR: F\u00f3rmula de alta opacidad que proporciona un acabado blanco uniforme y duradero<\/li>\n<li>F\u00c1CIL APLICACI\u00d3N: Pintura lista para usar con excelente adherencia y secado r\u00e1pido para resultados profesionales<\/li>\n<li>ACABADO MATE: esta pintura disimula las peque\u00f1as imperfecciones que pueda haber en las paredes. Cuando se aplica con herramientas tradicionales, oculta las texturas de las pinceladas y rodillos, dando como resultado una superficie lisa, sin rayones ni marcas visibles<\/li>\n<li>EMBALAJE ALTAMENTE REFORZADO: resistente a golpes y ca\u00eddas.<\/li>\n<li>ENVASE RECICLADO Y RECICLABLE: hecho de pl\u00e1stico reciclado, favoreciendo al cuidado del medioambiente.<\/li>\n<\/ul>\n","protected":false},"excerpt":{"rendered":"<p>Esta pintura protege contra la aparici\u00f3n de moho y humedades<\/p>\n","protected":false},"featured_media":5542,"template":"","meta":[],"product_cat":[262],"product_tag":[],"_links":{"self":[{"href":"https:\/\/pectro.com\/tienda\/wp-json\/wp\/v2\/product\/5541"}],"collection":[{"href":"https:\/\/pectro.com\/tienda\/wp-json\/wp\/v2\/product"}],"about":[{"href":"https:\/\/pectro.com\/tienda\/wp-json\/wp\/v2\/types\/product"}],"wp:featuredmedia":[{"embeddable":true,"href":"https:\/\/pectro.com\/tienda\/wp-json\/wp\/v2\/media\/5542"}],"wp:attachment":[{"href":"https:\/\/pectro.com\/tienda\/wp-json\/wp\/v2\/media?parent=5541"}],"wp:term":[{"taxonomy":"product_cat","embeddable":true,"href":"https:\/\/pectro.com\/tienda\/wp-json\/wp\/v2\/product_cat?post=5541"},{"taxonomy":"product_tag","embeddable":true,"href":"https:\/\/pectro.com\/tienda\/wp-json\/wp\/v2\/product_tag?post=5541"}],"curies":[{"name":"wp","href":"https:\/\/api.w.org\/{rel}","templated":true}]}}